2 + -1206 + (-6 - 0)?
20
What is the value of (-6 - -12) + 0 + -10 + 12?
8
What is the value of 6 + (25 - (-3 + 10) - 7 - 12)?
5
What is the value of 35 - (22 - (-21 + 41))?
33
Calculate -8 + 20 - (15 - 8) - (25 - 0).
-20
What is the value of (38 - 35) + -1 + (2 - 8) - -2?
-2
1 + ((-3 + -2 - 1) + 12 - 19)
-12
What is 104 - 93 - (-15 + 2)?
24
Calculate -4 + 10 - 9 - ((-8 - -1) + 0).
4
What is 15 + -7 + (-12 - 5)?
-9
Evaluate 10 + (-6 - (7 + -5 - 10)).
12
Evaluate (27 - 13) + 20 - (1 - -2 - -6).
25
(2 - -4) + -2 - (10 - (-2 + 11))
3
Evaluate 18 - 3 - ((6 - 11) + 14 + -13).
19
What is (1 - 2 - -1) + 3?
3
Calculate -20 - (-28 + 8 + 2).
-2
Calculate -58 + -2 - -26 - -21.
-13
Calculate 7 + 9 + (7 - -1) + (-3 - 5).
16
Evaluate 1 + 6 + 6 + (-2 - -2).
13
23 - 10 - (-3 + 4 + 3)
9
What is -23 + (33 - (-28 + 42))?
-4
Evaluate -35 - -3 - 3 - ((-33 - -69) + -41).
-30
Calculate 0 - (8 + 3 + -14) - (12 - 12).
3
What is the value of 7 + -2 - (-183 - -200)?
-12
Evaluate -3 + 10 + -13 - (-9 - -1).
2
What is 14 + 12 + 2 + -24?
4
-11 + 4 - -5 - (-7 - -25 - 4)
-16
What is the value of 2 + -25 + 6 + 16?
-1
Evaluate 12 + 18 + 12 + -24 + 13.
31
Calculate -20 - (-6 - 7) - -7.
0
What is (4 - 7) + -10 + 12 + 0 + -1?
-2
What is 3 + 34 - (72 - 42)?
7
Evaluate -6 + 9 + (9 - (-1 - -9)).
4
1 - (-4 + -6) - (-5 + 5) - 18
-7
(-12 + 24 - (1 + 6)) + 0
5
What is the value of -8 - (-6 + (6 - 34))?
26
What is -45 + (44 - 23) + 13?
-11
Calculate (7 - 8) + -6 + (0 - 8).
-15
(-10 - (19 + -30 + -2 + 10)) + 27
20
What is -10 + (-2 - (-8 + -3 - -2 - -4))?
-7
(69 - 102) + 50 + 3
20
Evaluate (-6 - -23) + (7 - ((-14 - -8) + 7)).
23
2 + (-1 - (2 + 7) - -4) + 33
29
What is 3 + 32 + -42 + 0 + 3?
-4
Evaluate 8 - (-32 + 39 + (6 - -3)).
-8
What is the value of 54 - (53 - 22) - 31?
-8
Calculate -8 - (-9 - (14 + -3) - -8) - 25.
-21
What is the value of -6 - (-15 - (-6 - 11))?
-8
-5 - ((-20 - 0) + 5 + -6)
16
What is 14 - -6 - 28 - -13 - 24?
-19
What is the value of -1 + -1 + (68 + -63 - (6 + 18))?
-21
Evaluate 0 + 4 - (-12 - -21) - -35.
30
What is the value of 25 + 36 + -33 - 49?
-21
What is 0 - -2 - (-52 - -66)?
-12
What is (46 - 41) + 1 + -11 - -11?
6
-4 + 10 + (3 - 10)
-1
Calculate -8 - (5 - (11 - (5 + -5))).
-2
(-25 - -23 - -43) + -24
17
What is 5 - (-5 + (12 + -15 - 19))?
32
What is -11 - (-18 - (11 + (-1 - 0)))?
17
What is the value of 10 + -8 + 6 + 6?
14
Evaluate 5 + -1 + (7 + -2 - (-9 + 7)).
11
Calculate -12 + (-22 - -30 - (-2 + -4)).
2
What is 1 - (5 + (-10 - -18))?
-12
What is -46 + -3 + 29 + (39 - 55)?
-36
-7 + 4 - ((-15 - -7) + 7 + 9)
-11
Evaluate 10 - 1 - (3 - 0 - 0 - -1).
5
What is -9 + (-2 - (-10 - -9))?
-10
Evaluate (-20 - (3 - 10)) + 12 + 32.
31
(6 - (-21 - -7)) + -15
5
What is -20 + -1 - (0 + -17 + 9)?
-13
Evaluate (7 - 38) + 69 + -33.
5
-23 - -16 - -15 - 11
-3
What is (-31 - -36) + 24 + 8?
37
What is -6 - (-6 - (-12 - (-1 - 2) - -5))?
-4
(30 + -16 - 21) + 24
17
What is (6 - (4 - 17)) + -14?
5
Calculate -5 - (4 + (-4 - 4) + (-7 - 2)).
8
-2 + -2 - (5 + -5 + -24 + 20)
0
Evaluate (-13 - 0) + -60 + 65 + -2.
-10
Calculate 1 - (23 - ((-5 - 11) + 26)).
-12
What is (-26 - -16 - (2 + 1)) + 26?
13
27 + -33 - (2 + 1 + 0)
-9
What is the value of ((-12 - 1) + 14 - -4) + -3 + 1?
3
Evaluate 37 + -11 + 11 + -3 + -5.
29
(-1 - -2) + (-39 - -30) - 3
-11
What is the value of -30 - ((-6 - (-3 - 7)) + 5 + -8)?
-31
(19 - 4) + (-14 + -2 - -5)
4
What is the value of 19 + (-2 - (10 - (7 - -5)))?
19
What is 4 - (-11 + 31) - (-2 - 18)?
4
Evaluate 1 + 1 + 0 + (-90 - -92).
4
What is the value of 4 + -2 - 6 - (0 - (5 + -10))?
-9
What is -234 + 225 + 1 + 1?
-7
(10 - (10 - (14 + -4))) + -11
-1
What is 7 + (-10 + 17 - 5) + 2?
11
What is the value of (0 - (0 - -4) - 2) + -8?
-14
-1 - 0 - (32 - (55 - 30))
-8
Evaluate 11 + 1 - (8 + -2).
6
6 + -1 + -7 + (-10 - -3 - -15)
6
What is the value of 8 - (-17 + 43) - -36?
18
What is 15 - (12 + -15) - (-3 + 8)?
13
Evaluate -59 + 73 + (0 - 2) + 0.
12
Evaluate 24 + -50 - -25 - (7 - (0 + 1)).
-7
Evaluate 0 + -5 - (-11 + (-1 - (-11 + 10))).
6
What is the value of 4 - (-9 + (-1 - (-17 - -7)))?
4
18 + 9 - 17 - (10 + 7)
-7
What is the value of (1 - (3 - 1)) + 3 + 13 + -21?
-6
Evaluate -2 + 0 + -7 + -48 + 37.
-20
What is -5 - -7 - (7 + -12 - 11)?
18
What is 3 - (-15 + 7 + -1)?
12
-2 + -5 + 8 + -6 - -4
-1
Evaluate -265 + 270 - (-2 - 0) - 10.
-3
Calculate 1 + 9 - (-125 + 125).
10
Evaluate (-20 + 16 + (1 - -6) - 6) + 6.
3
Calculate (-15 + -3 - -19) + (0 - 0).
1
What is the value of 7 - (12 + -33 + 32)?
-4
Calculate 2 - -7 - (-11 + 29 + -9 + -12).
12
41 + -33 - (-11 - 5 - (1 + 2))
27
What is 25 + 4 - (17 - 4)?
16
What is 5 + 30 + -17 + (-5 - -13) - 7?
19
18 + (30 - 27) - 18
3
Calculate (0 - -6) + (3 - 3) - 7.
-1
Evaluate -64 + 1 - (-1358 + 1323).
-28
34 + 5 + -50 - 6
-17
What is 11 + -2 - (-4 + -2 + 25)?
-10
What is 3 - (4 + -3 + 2 - 8)?
8
Calculate -27 - (-5 - (12 + -1)).
-11
Evaluate -9 + (-6 - -10 - -12).
7
What is 8 + (-7 + (0 - -1) - 0) - 4?
-2
Evaluate -31 + -2 + -13 + (-38 - -63).
-21
Calculate 9 - (11 + 4) - (2 + -5).
-3
What is (26 - 41) + (0 - -1)?
-14
10 + -19 + (-2 - -14) - -8
11
What is (1 - -2) + -10 + (-1 + -7 - -10)?
-5
-8 - 1 - (31 - (14 - -17))
-9
What is the value of 45 - 52 - (-13 - -16 - (-2 + 4))?
-8
What is the value of 6 - (3 + -4) - (14 - 9) - 12?
-10
What is the value of (157 + -121 - 70) + 3 + 1 + -1?
-31
What is the value of -20 + -6 + 99 + -60?
13
What is (8 - 4) + (-8 - -1)?
-3
7 + -19 + 6 - -2
-4
Calculate 16 + -14 + 1 - -2.
5
Calculate 2 + (-24 - -22 - -14).
14
Calculate 0 + 16 + (-10 - -70 - 74).
2
Evaluate -8 - (-8 + -17) - 6.
11
Evaluate -2 - ((-12 + -3 - 4) + 4 - -2).
11
What is -38 + (24 - 8) - -16?
-6
Evaluate 259 + -253 - ((-2 - (-3 - -2)) + 10).
-3
Evaluate 41 + -49 + 24 + -2.
14
Calculate 5904 - 5902 - ((1 - (-1 - -19)) + 1).
18
What is the value of -1 - 1 - (-13 + (-27 - -12))?
26
Evaluate 13 + -38 + 22 - 12.
-15
(-6 - (-3 + (4 - (-1 + 4)))) + -1
-5
Evaluate (11 - 2 - 4) + (0 - 5).
0
Evaluate 5 + (13 + -7 - (0 + (-5 - -12))).
4
What is the value of (1 - -8) + (7 - -1 - 8) + 3?
12
Calculate (-19 - (-5 - -7)) + (3 - -6).
-12
-2 - (4 - 5) - (87 - 76)
-12
(-2 - (-5 + -2)) + -1 + -2 + -4
-2
Evaluate (5 - (2 - (-2 + 6 + -6))) + 13.
14
Evaluate -6 + -1 - (22 + (-4 - (0 + -6))).
-31
What is (0 - 0) + 6 + 7 + -7?
6
What is -481 + 500 + (-11 - 0)?
8
What is (30 - -34) + -32 - 42?
-10
What is 10 + (12 - 22) - (-5 - 1)?
6
Evaluate (23 - (-21 - -25)) + (-5 - -3).
17
What is the value of 3 - -32 - ((1 - -10) + 3)?
21
(-142 - -167) + -1 + -5 + -7
12
What is (87 - 76) + -5 + 1 + -9?
-2
Calculate (7 - -11) + -10 - (-2 + -3 - -23).
-10
(23 - 12 - 3) + (-49 - -6 - -5)
-30
15 - (5 - (14 + -7 + -15))
2
What is 7 - (10 + (-19 - (-32 - -19)))?
3
Evaluate 4 - (-10 - -24 - 11).
1
Evaluate 16 + -11 + 5 + 4 - 20.
-6
Calculate -6 + 3 + -13 - 3.
-19
(13 - 1) + 17 + -52 + 37
14
-17 + 7 + (-4 - (-6 + 0)) + -1
-9
Calculate (31 - 33) + (-7 + 4 + 2 - -1).
-2
What is the value of (-19 - -2) + 9 + (56 - 6) - 9?
33
Calculate -27 + 34 - -32 - 42.
-3
-12 + (-10 - -7) - -9
-6
What is the value of -17 + (1 - (-12 - (-8 + -14)))?
-26
What is (10 - 0) + -9 + -6 + -5?
-10
Evaluate -10 + -2 - (8 - 15).
-5
-4 + (-10 - -14) + -3
-3
Calculate (8 - -36) + -20 - 53.
-29
9 + -2 - (-5 + -48 + 48)
12
-205 + 207 + (-10 - 0) + 3
-5
-6 - -1 - (-6 - (14 + -10))
5
What is 11 + (-7 - -7) + -29 - -9?
-9
Evaluate (45 + -105 - -76) + 1 + 1.
18
89 + -126 + -9 + 29
-17
33 - (-21 + 67 + -21)
8
Evaluate 11 + (18 - (-2 + 31)).
0
What is -1 + 2 + -9 + 7 + 2?
1
9 + 12 + 0 + -6 + -41
-26
What is the value of -5 - (4 + -6 + 7)?
-10
What is -2 + -1 - (62 + -65)?
0
What is -2 + (-6 - (3 + -14)) + (-20 - 4)?
-21
What is the value of (0 - -4) + (-17 - (-1 + (5 - 15)))?
-2
Evaluate -13 + (26 - 13) - (4 + 3).
-7
Calculate (-27 + 48 - 23) + -20.
-22
Evaluate (10 - 7) + 5 + -2.
6
Calculate 0 - -12 - (-5 + 9 + -9).
17
Evaluate 11 - (0 - 0) - (349 - 322).
-16
Evaluate -6 + 1 + -5 + 25 + -22.
-7
8 + 1 + -2 - (-8 + -75 + 86)
4
Evaluate 40 + (-21 - -14) + (5 - 7).
31
What is the value of -7 + 16 - (0 - -8 - (28 - 15))?
14
What is 10 - 9 - (0 + 7) - -5?
-1
What is -4 + 8 + -4 + 4 + -1 - 4?
-1
What is the value of 3 + (0 - 12 - (2 - 5))?
-6
0 + 60 + (-90 - -58)
28
What is -8 + (14 - 11) + 0?
-5
180 - 160 - (12 - -2)
6
What is 5 -